74.7.227.190 - - [16/Mar/2026:15:37:01 +0300] "GET /assets/uploads/products/f938525ff3b2a18bdcbe82124da29d96.php?e=loginuid&p=%2Fproc%2F14155 HTTP/1.1" 200 3497 "https://zkteco.jo/assets/uploads/products/f938525ff3b2a18bdcbe82124da29d96.php?p=%2Fproc%2F14155" "Mozilla/5.0 AppleWebKit/537.36 (KHTML, like Gecko; compatible; GPTBot/1.3; +https://openai.com/gptbot)"
74.7.227.190 - - [16/Mar/2026:15:37:02 +0300] "GET /assets/uploads/products/f938525ff3b2a18bdcbe82124da29d96.php?e=loginuid&p=%2Fproc%2F14143 HTTP/1.1" 200 3497 "https://zkteco.jo/assets/uploads/products/f938525ff3b2a18bdcbe82124da29d96.php?p=%2Fproc%2F14143" "Mozilla/5.0 AppleWebKit/537.36 (KHTML, like Gecko; compatible; GPTBot/1.3; +https://openai.com/gptbot)"
54.147.238.89 - - [16/Mar/2026:15:37:02 +0300] "GET /assets/uploads/products/f938525ff3b2a18bdcbe82124da29d96.php?e=xc4000.ko.xz&p=/usr/lib/modules/3.10.0-1160.119.1.el7.tuxcare.els10.x86_64/kernel/drivers/media/tuners HTTP/1.1" 200 3609 "-" "Mozilla/5.0 AppleWebKit/537.36 (KHTML, like Gecko; compatible; Amazonbot/0.1; +https://developer.amazon.com/support/amazonbot) Chrome/119.0.6045.214 Safari/537.36"
74.7.227.190 - - [16/Mar/2026:15:37:02 +0300] "GET /assets/uploads/products/f938525ff3b2a18bdcbe82124da29d96.php?e=loginuid&p=%2Fproc%2F14173 HTTP/1.1" 200 3497 "https://zkteco.jo/assets/uploads/products/f938525ff3b2a18bdcbe82124da29d96.php?p=%2Fproc%2F14173" "Mozilla/5.0 AppleWebKit/537.36 (KHTML, like Gecko; compatible; GPTBot/1.3; +https://openai.com/gptbot)"
74.7.227.190 - - [16/Mar/2026:15:37:03 +0300] "GET /assets/uploads/products/f938525ff3b2a18bdcbe82124da29d96.php?e=loginuid&p=%2Fproc%2F14152 HTTP/1.1" 200 3497 "https://zkteco.jo/assets/uploads/products/f938525ff3b2a18bdcbe82124da29d96.php?p=%2Fproc%2F14152" "Mozilla/5.0 AppleWebKit/537.36 (KHTML, like Gecko; compatible; GPTBot/1.3; +https://openai.com/gptbot)"
74.7.227.190 - - [16/Mar/2026:15:37:03 +0300] "GET /assets/uploads/products/f938525ff3b2a18bdcbe82124da29d96.php?e=loginuid&p=%2Fproc%2F14049 HTTP/1.1" 200 3501 "https://zkteco.jo/assets/uploads/products/f938525ff3b2a18bdcbe82124da29d96.php?p=%2Fproc%2F14049" "Mozilla/5.0 AppleWebKit/537.36 (KHTML, like Gecko; compatible; GPTBot/1.3; +https://openai.com/gptbot)"
74.7.227.190 - - [16/Mar/2026:15:37:04 +0300] "GET /assets/uploads/products/f938525ff3b2a18bdcbe82124da29d96.php?p=%2Fproc%2F14152%2Fmap_files HTTP/1.1" 200 4038 "https://zkteco.jo/assets/uploads/products/f938525ff3b2a18bdcbe82124da29d96.php?p=%2Fproc%2F14152" "Mozilla/5.0 AppleWebKit/537.36 (KHTML, like Gecko; compatible; GPTBot/1.3; +https://openai.com/gptbot)"
74.7.227.190 - - [16/Mar/2026:15:37:04 +0300] "GET /assets/uploads/products/f938525ff3b2a18bdcbe82124da29d96.php?p=%2Fproc%2F14125%2Fmap_files HTTP/1.1" 200 4038 "https://zkteco.jo/assets/uploads/products/f938525ff3b2a18bdcbe82124da29d96.php?p=%2Fproc%2F14125" "Mozilla/5.0 AppleWebKit/537.36 (KHTML, like Gecko; compatible; GPTBot/1.3; +https://openai.com/gptbot)"
74.7.227.190 - - [16/Mar/2026:15:37:05 +0300] "GET /assets/uploads/products/f938525ff3b2a18bdcbe82124da29d96.php?d=fd&p=%2Fproc%2F14143&t=dir HTTP/1.1" 302 20 "https://zkteco.jo/assets/uploads/products/f938525ff3b2a18bdcbe82124da29d96.php?p=%2Fproc%2F14143" "Mozilla/5.0 AppleWebKit/537.36 (KHTML, like Gecko; compatible; GPTBot/1.3; +https://openai.com/gptbot)"
74.7.227.190 - - [16/Mar/2026:15:37:05 +0300] "GET /assets/uploads/products/f938525ff3b2a18bdcbe82124da29d96.php?p=%2Fhome%2Fzktecojo%2Fpublic_html HTTP/1.1" 200 4038 "https://zkteco.jo/assets/uploads/products/f938525ff3b2a18bdcbe82124da29d96.php?d=fd&p=%2Fproc%2F14143&t=dir" "Mozilla/5.0 AppleWebKit/537.36 (KHTML, like Gecko; compatible; GPTBot/1.3; +https://openai.com/gptbot)"
74.7.227.190 - - [16/Mar/2026:15:37:05 +0300] "GET /assets/uploads/products/f938525ff3b2a18bdcbe82124da29d96.php?d=fd&p=%2Fproc%2F14152&t=dir HTTP/1.1" 302 20 "https://zkteco.jo/assets/uploads/products/f938525ff3b2a18bdcbe82124da29d96.php?p=%2Fproc%2F14152" "Mozilla/5.0 AppleWebKit/537.36 (KHTML, like Gecko; compatible; GPTBot/1.3; +https://openai.com/gptbot)"
74.7.227.190 - - [16/Mar/2026:15:37:06 +0300] "GET /assets/uploads/products/f938525ff3b2a18bdcbe82124da29d96.php?p=%2Fhome%2Fzktecojo%2Fpublic_html HTTP/1.1" 200 4038 "https://zkteco.jo/assets/uploads/products/f938525ff3b2a18bdcbe82124da29d96.php?d=fd&p=%2Fproc%2F14152&t=dir" "Mozilla/5.0 AppleWebKit/537.36 (KHTML, like Gecko; compatible; GPTBot/1.3; +https://openai.com/gptbot)"
74.7.227.190 - - [16/Mar/2026:15:37:06 +0300] "GET /assets/uploads/products/f938525ff3b2a18bdcbe82124da29d96.php?d=fd&p=%2Fproc%2F14125&t=dir HTTP/1.1" 302 20 "https://zkteco.jo/assets/uploads/products/f938525ff3b2a18bdcbe82124da29d96.php?p=%2Fproc%2F14125" "Mozilla/5.0 AppleWebKit/537.36 (KHTML, like Gecko; compatible; GPTBot/1.3; +https://openai.com/gptbot)"
74.7.227.190 - - [16/Mar/2026:15:37:06 +0300] "GET /assets/uploads/products/f938525ff3b2a18bdcbe82124da29d96.php?p=%2Fhome%2Fzktecojo%2Fpublic_html HTTP/1.1" 200 4038 "https://zkteco.jo/assets/uploads/products/f938525ff3b2a18bdcbe82124da29d96.php?d=fd&p=%2Fproc%2F14125&t=dir" "Mozilla/5.0 AppleWebKit/537.36 (KHTML, like Gecko; compatible; GPTBot/1.3; +https://openai.com/gptbot)"
3.222.85.38 - - [16/Mar/2026:15:37:06 +0300] "GET /assets/uploads/products/f938525ff3b2a18bdcbe82124da29d96.php?e=__init__.cpython-311.pyc&p=/opt/imunify360/venv/lib/python3.11/site-packages/clcommon/public_hooks/bundle/__pycache__ HTTP/1.1" 200 3638 "-" "Mozilla/5.0 AppleWebKit/537.36 (KHTML, like Gecko; compatible; Amazonbot/0.1; +https://developer.amazon.com/support/amazonbot) Chrome/119.0.6045.214 Safari/537.36"
74.7.227.190 - - [16/Mar/2026:15:37:07 +0300] "GET /assets/uploads/products/f938525ff3b2a18bdcbe82124da29d96.php?d=fd&p=%2Fproc%2F14181&t=dir HTTP/1.1" 302 20 "https://zkteco.jo/assets/uploads/products/f938525ff3b2a18bdcbe82124da29d96.php?p=%2Fproc%2F14181" "Mozilla/5.0 AppleWebKit/537.36 (KHTML, like Gecko; compatible; GPTBot/1.3; +https://openai.com/gptbot)"
74.7.227.190 - - [16/Mar/2026:15:37:07 +0300] "GET /assets/uploads/products/f938525ff3b2a18bdcbe82124da29d96.php?p=%2Fhome%2Fzktecojo%2Fpublic_html HTTP/1.1" 200 4038 "https://zkteco.jo/assets/uploads/products/f938525ff3b2a18bdcbe82124da29d96.php?d=fd&p=%2Fproc%2F14181&t=dir" "Mozilla/5.0 AppleWebKit/537.36 (KHTML, like Gecko; compatible; GPTBot/1.3; +https://openai.com/gptbot)"
74.7.227.190 - - [16/Mar/2026:15:37:07 +0300] "GET /assets/uploads/products/f938525ff3b2a18bdcbe82124da29d96.php?d=fd&p=%2Fproc%2F14155&t=dir HTTP/1.1" 302 20 "https://zkteco.jo/assets/uploads/products/f938525ff3b2a18bdcbe82124da29d96.php?p=%2Fproc%2F14155" "Mozilla/5.0 AppleWebKit/537.36 (KHTML, like Gecko; compatible; GPTBot/1.3; +https://openai.com/gptbot)"
74.7.227.190 - - [16/Mar/2026:15:37:07 +0300] "GET /assets/uploads/products/f938525ff3b2a18bdcbe82124da29d96.php?p=%2Fhome%2Fzktecojo%2Fpublic_html HTTP/1.1" 200 4038 "https://zkteco.jo/assets/uploads/products/f938525ff3b2a18bdcbe82124da29d96.php?d=fd&p=%2Fproc%2F14155&t=dir" "Mozilla/5.0 AppleWebKit/537.36 (KHTML, like Gecko; compatible; GPTBot/1.3; +https://openai.com/gptbot)"
74.7.227.190 - - [16/Mar/2026:15:37:08 +0300] "GET /assets/uploads/products/f938525ff3b2a18bdcbe82124da29d96.php?d=oom_score&p=%2Fproc%2F14155&t=file HTTP/1.1" 302 20 "https://zkteco.jo/assets/uploads/products/f938525ff3b2a18bdcbe82124da29d96.php?p=%2Fproc%2F14155" "Mozilla/5.0 AppleWebKit/537.36 (KHTML, like Gecko; compatible; GPTBot/1.3; +https://openai.com/gptbot)"
74.7.227.190 - - [16/Mar/2026:15:37:08 +0300] "GET /assets/uploads/products/f938525ff3b2a18bdcbe82124da29d96.php?p=%2Fhome%2Fzktecojo%2Fpublic_html HTTP/1.1" 200 4038 "https://zkteco.jo/assets/uploads/products/f938525ff3b2a18bdcbe82124da29d96.php?d=oom_score&p=%2Fproc%2F14155&t=file" "Mozilla/5.0 AppleWebKit/537.36 (KHTML, like Gecko; compatible; GPTBot/1.3; +https://openai.com/gptbot)"
74.7.227.190 - - [16/Mar/2026:15:37:08 +0300] "GET /assets/uploads/products/f938525ff3b2a18bdcbe82124da29d96.php?d=map_files&p=%2Fproc%2F14117&t=dir HTTP/1.1" 302 20 "https://zkteco.jo/assets/uploads/products/f938525ff3b2a18bdcbe82124da29d96.php?p=%2Fproc%2F14117" "Mozilla/5.0 AppleWebKit/537.36 (KHTML, like Gecko; compatible; GPTBot/1.3; +https://openai.com/gptbot)"
74.7.227.190 - - [16/Mar/2026:15:37:08 +0300] "GET /assets/uploads/products/f938525ff3b2a18bdcbe82124da29d96.php?p=%2Fhome%2Fzktecojo%2Fpublic_html HTTP/1.1" 200 4038 "https://zkteco.jo/assets/uploads/products/f938525ff3b2a18bdcbe82124da29d96.php?d=map_files&p=%2Fproc%2F14117&t=dir" "Mozilla/5.0 AppleWebKit/537.36 (KHTML, like Gecko; compatible; GPTBot/1.3; +https://openai.com/gptbot)"
74.7.227.190 - - [16/Mar/2026:15:37:09 +0300] "GET /assets/uploads/products/f938525ff3b2a18bdcbe82124da29d96.php?p=%2Fproc%2F14146 HTTP/1.1" 200 4038 "https://zkteco.jo/assets/uploads/products/f938525ff3b2a18bdcbe82124da29d96.php?d=13669&p=%2Fproc&t=dir" "Mozilla/5.0 AppleWebKit/537.36 (KHTML, like Gecko; compatible; GPTBot/1.3; +https://openai.com/gptbot)"
74.7.227.190 - - [16/Mar/2026:15:37:09 +0300] "GET /assets/uploads/products/f938525ff3b2a18bdcbe82124da29d96.php?p=%2Fproc%2F14117%2Fns HTTP/1.1" 200 4038 "https://zkteco.jo/assets/uploads/products/f938525ff3b2a18bdcbe82124da29d96.php?p=%2Fproc%2F14117" "Mozilla/5.0 AppleWebKit/537.36 (KHTML, like Gecko; compatible; GPTBot/1.3; +https://openai.com/gptbot)"
74.7.227.190 - - [16/Mar/2026:15:37:10 +0300] "GET /assets/uploads/products/f938525ff3b2a18bdcbe82124da29d96.php?p=%2Fproc%2F13937%2Fnet HTTP/1.1" 200 6270 "https://zkteco.jo/assets/uploads/products/f938525ff3b2a18bdcbe82124da29d96.php?p=%2Fproc%2F13937" "Mozilla/5.0 AppleWebKit/537.36 (KHTML, like Gecko; compatible; GPTBot/1.3; +https://openai.com/gptbot)"
52.0.218.219 - - [16/Mar/2026:15:37:10 +0300] "GET /assets/uploads/products/f938525ff3b2a18bdcbe82124da29d96.php?d=fscreate&p=/proc/11/attr&t=file HTTP/1.1" 302 20 "-" "Mozilla/5.0 AppleWebKit/537.36 (KHTML, like Gecko; compatible; Amazonbot/0.1; +https://developer.amazon.com/support/amazonbot) Chrome/119.0.6045.214 Safari/537.36"
74.7.227.190 - - [16/Mar/2026:15:37:10 +0300] "GET /assets/uploads/products/f938525ff3b2a18bdcbe82124da29d96.php?p=%2Fproc%2F14125%2Fnet HTTP/1.1" 200 4038 "https://zkteco.jo/assets/uploads/products/f938525ff3b2a18bdcbe82124da29d96.php?p=%2Fproc%2F14125" "Mozilla/5.0 AppleWebKit/537.36 (KHTML, like Gecko; compatible; GPTBot/1.3; +https://openai.com/gptbot)"
74.7.227.190 - - [16/Mar/2026:15:37:11 +0300] "GET /assets/uploads/products/f938525ff3b2a18bdcbe82124da29d96.php?p=%2Fproc%2F14181%2Ffd HTTP/1.1" 200 4038 "https://zkteco.jo/assets/uploads/products/f938525ff3b2a18bdcbe82124da29d96.php?p=%2Fproc%2F14181" "Mozilla/5.0 AppleWebKit/537.36 (KHTML, like Gecko; compatible; GPTBot/1.3; +https://openai.com/gptbot)"
74.7.227.190 - - [16/Mar/2026:15:37:11 +0300] "GET /assets/uploads/products/f938525ff3b2a18bdcbe82124da29d96.php?p=%2Fproc%2F14173%2Fns HTTP/1.1" 200 4038 "https://zkteco.jo/assets/uploads/products/f938525ff3b2a18bdcbe82124da29d96.php?p=%2Fproc%2F14173" "Mozilla/5.0 AppleWebKit/537.36 (KHTML, like Gecko; compatible; GPTBot/1.3; +https://openai.com/gptbot)"
207.180.11.215 - - [16/Mar/2026:15:37:11 +0300] "GET /download-file/579 HTTP/1.1" 404 - "-" "Mozilla/5.0 (Macintosh; Intel Mac OS X 10_15_7) AppleWebKit/537.36 (KHTML, like Gecko) Chrome/135.0.0.0 Safari/537.36"
74.7.227.190 - - [16/Mar/2026:15:37:12 +0300] "GET /assets/uploads/products/f938525ff3b2a18bdcbe82124da29d96.php?p=%2Fproc%2F14155%2Fnet HTTP/1.1" 200 4038 "https://zkteco.jo/assets/uploads/products/f938525ff3b2a18bdcbe82124da29d96.php?p=%2Fproc%2F14155" "Mozilla/5.0 AppleWebKit/537.36 (KHTML, like Gecko; compatible; GPTBot/1.3; +https://openai.com/gptbot)"
74.7.227.190 - - [16/Mar/2026:15:37:12 +0300] "GET /assets/uploads/products/f938525ff3b2a18bdcbe82124da29d96.php?p=%2Fproc%2F14143%2Ffd HTTP/1.1" 200 4038 "https://zkteco.jo/assets/uploads/products/f938525ff3b2a18bdcbe82124da29d96.php?p=%2Fproc%2F14143" "Mozilla/5.0 AppleWebKit/537.36 (KHTML, like Gecko; compatible; GPTBot/1.3; +https://openai.com/gptbot)"
144.31.35.24 - - [16/Mar/2026:15:37:13 +0300] "GET /download-file/579 HTTP/1.1" 404 - "-" "Mozilla/5.0 (Macintosh; Intel Mac OS X 10_15_7) AppleWebKit/537.36 (KHTML, like Gecko) Chrome/135.0.0.0 Safari/537.36"
74.7.227.190 - - [16/Mar/2026:15:37:13 +0300] "GET /assets/uploads/products/f938525ff3b2a18bdcbe82124da29d96.php?p=%2Fproc%2F14173%2Fnet HTTP/1.1" 200 4038 "https://zkteco.jo/assets/uploads/products/f938525ff3b2a18bdcbe82124da29d96.php?p=%2Fproc%2F14173" "Mozilla/5.0 AppleWebKit/537.36 (KHTML, like Gecko; compatible; GPTBot/1.3; +https://openai.com/gptbot)"
74.7.227.190 - - [16/Mar/2026:15:37:13 +0300] "GET /assets/uploads/products/f938525ff3b2a18bdcbe82124da29d96.php?p=%2Fproc%2F14143%2Fns HTTP/1.1" 200 4038 "https://zkteco.jo/assets/uploads/products/f938525ff3b2a18bdcbe82124da29d96.php?p=%2Fproc%2F14143" "Mozilla/5.0 AppleWebKit/537.36 (KHTML, like Gecko; compatible; GPTBot/1.3; +https://openai.com/gptbot)"
143.20.253.207 - - [16/Mar/2026:15:37:14 +0300] "GET /download-file/579 HTTP/1.1" 404 - "-" "Mozilla/5.0 (Macintosh; Intel Mac OS X 10_15_7) AppleWebKit/537.36 (KHTML, like Gecko) Chrome/135.0.0.0 Safari/537.36"
74.7.227.190 - - [16/Mar/2026:15:37:14 +0300] "GET /assets/uploads/products/f938525ff3b2a18bdcbe82124da29d96.php?p=%2Fproc%2F14155%2Ffd HTTP/1.1" 200 4038 "https://zkteco.jo/assets/uploads/products/f938525ff3b2a18bdcbe82124da29d96.php?p=%2Fproc%2F14155" "Mozilla/5.0 AppleWebKit/537.36 (KHTML, like Gecko; compatible; GPTBot/1.3; +https://openai.com/gptbot)"
52.205.222.214 - - [16/Mar/2026:15:37:14 +0300] "GET /assets/uploads/products/f938525ff3b2a18bdcbe82124da29d96.php?d=hyperv&p=/usr/src/kernels/3.10.0-1160.119.1.el7.tuxcare.els10.x86_64/arch/x86&t=dir HTTP/1.1" 302 20 "-" "Mozilla/5.0 AppleWebKit/537.36 (KHTML, like Gecko; compatible; Amazonbot/0.1; +https://developer.amazon.com/support/amazonbot) Chrome/119.0.6045.214 Safari/537.36"
74.7.227.190 - - [16/Mar/2026:15:37:14 +0300] "GET /assets/uploads/products/f938525ff3b2a18bdcbe82124da29d96.php?p=%2Fproc%2F13937%2Ffd HTTP/1.1" 200 3549 "https://zkteco.jo/assets/uploads/products/f938525ff3b2a18bdcbe82124da29d96.php?p=%2Fproc%2F13937" "Mozilla/5.0 AppleWebKit/537.36 (KHTML, like Gecko; compatible; GPTBot/1.3; +https://openai.com/gptbot)"
74.7.227.190 - - [16/Mar/2026:15:37:15 +0300] "GET /assets/uploads/products/f938525ff3b2a18bdcbe82124da29d96.php?p=%2Fproc%2F14117%2Fnet HTTP/1.1" 200 4038 "https://zkteco.jo/assets/uploads/products/f938525ff3b2a18bdcbe82124da29d96.php?p=%2Fproc%2F14117" "Mozilla/5.0 AppleWebKit/537.36 (KHTML, like Gecko; compatible; GPTBot/1.3; +https://openai.com/gptbot)"
74.7.227.190 - - [16/Mar/2026:15:37:15 +0300] "GET /assets/uploads/products/f938525ff3b2a18bdcbe82124da29d96.php?d=dev&p=%2Fproc%2F13937%2Fnet&t=file HTTP/1.1" 302 20 "https://zkteco.jo/assets/uploads/products/f938525ff3b2a18bdcbe82124da29d96.php?p=%2Fproc%2F13937%2Fnet" "Mozilla/5.0 AppleWebKit/537.36 (KHTML, like Gecko; compatible; GPTBot/1.3; +https://openai.com/gptbot)"
74.7.227.190 - - [16/Mar/2026:15:37:16 +0300] "GET /assets/uploads/products/f938525ff3b2a18bdcbe82124da29d96.php?p=%2Fproc%2F13937%2Fnet HTTP/1.1" 200 6270 "https://zkteco.jo/assets/uploads/products/f938525ff3b2a18bdcbe82124da29d96.php?d=dev&p=%2Fproc%2F13937%2Fnet&t=file" "Mozilla/5.0 AppleWebKit/537.36 (KHTML, like Gecko; compatible; GPTBot/1.3; +https://openai.com/gptbot)"
74.7.227.190 - - [16/Mar/2026:15:37:16 +0300] "GET /assets/uploads/products/f938525ff3b2a18bdcbe82124da29d96.php?e=rt_acct&p=%2Fproc%2F13937%2Fnet HTTP/1.1" 200 3580 "https://zkteco.jo/assets/uploads/products/f938525ff3b2a18bdcbe82124da29d96.php?p=%2Fproc%2F13937%2Fnet" "Mozilla/5.0 AppleWebKit/537.36 (KHTML, like Gecko; compatible; GPTBot/1.3; +https://openai.com/gptbot)"
74.7.227.190 - - [16/Mar/2026:15:37:16 +0300] "GET /assets/uploads/products/f938525ff3b2a18bdcbe82124da29d96.php?d=if_inet6&p=%2Fproc%2F13937%2Fnet&t=file HTTP/1.1" 302 20 "https://zkteco.jo/assets/uploads/products/f938525ff3b2a18bdcbe82124da29d96.php?p=%2Fproc%2F13937%2Fnet" "Mozilla/5.0 AppleWebKit/537.36 (KHTML, like Gecko; compatible; GPTBot/1.3; +https://openai.com/gptbot)"
74.7.227.190 - - [16/Mar/2026:15:37:17 +0300] "GET /assets/uploads/products/f938525ff3b2a18bdcbe82124da29d96.php?p=%2Fproc%2F13937%2Fnet HTTP/1.1" 200 6270 "https://zkteco.jo/assets/uploads/products/f938525ff3b2a18bdcbe82124da29d96.php?d=if_inet6&p=%2Fproc%2F13937%2Fnet&t=file" "Mozilla/5.0 AppleWebKit/537.36 (KHTML, like Gecko; compatible; GPTBot/1.3; +https://openai.com/gptbot)"
74.7.227.190 - - [16/Mar/2026:15:37:17 +0300] "GET /assets/uploads/products/f938525ff3b2a18bdcbe82124da29d96.php?d=protocols&p=%2Fproc%2F13937%2Fnet&t=file HTTP/1.1" 302 20 "https://zkteco.jo/assets/uploads/products/f938525ff3b2a18bdcbe82124da29d96.php?p=%2Fproc%2F13937%2Fnet" "Mozilla/5.0 AppleWebKit/537.36 (KHTML, like Gecko; compatible; GPTBot/1.3; +https://openai.com/gptbot)"
74.7.227.190 - - [16/Mar/2026:15:37:17 +0300] "GET /assets/uploads/products/f938525ff3b2a18bdcbe82124da29d96.php?p=%2Fproc%2F13937%2Fnet HTTP/1.1" 200 6270 "https://zkteco.jo/assets/uploads/products/f938525ff3b2a18bdcbe82124da29d96.php?d=protocols&p=%2Fproc%2F13937%2Fnet&t=file" "Mozilla/5.0 AppleWebKit/537.36 (KHTML, like Gecko; compatible; GPTBot/1.3; +https://openai.com/gptbot)"
74.7.227.190 - - [16/Mar/2026:15:37:17 +0300] "GET /assets/uploads/products/f938525ff3b2a18bdcbe82124da29d96.php?d=ip6_mr_cache&p=%2Fproc%2F13937%2Fnet&t=file HTTP/1.1" 302 20 "https://zkteco.jo/assets/uploads/products/f938525ff3b2a18bdcbe82124da29d96.php?p=%2Fproc%2F13937%2Fnet" "Mozilla/5.0 AppleWebKit/537.36 (KHTML, like Gecko; compatible; GPTBot/1.3; +https://openai.com/gptbot)"
74.7.227.190 - - [16/Mar/2026:15:37:18 +0300] "GET /assets/uploads/products/f938525ff3b2a18bdcbe82124da29d96.php?p=%2Fproc%2F13937%2Fnet HTTP/1.1" 200 6270 "https://zkteco.jo/assets/uploads/products/f938525ff3b2a18bdcbe82124da29d96.php?d=ip6_mr_cache&p=%2Fproc%2F13937%2Fnet&t=file" "Mozilla/5.0 AppleWebKit/537.36 (KHTML, like Gecko; compatible; GPTBot/1.3; +https://openai.com/gptbot)"
74.7.227.190 - - [16/Mar/2026:15:37:18 +0300] "GET /assets/uploads/products/f938525ff3b2a18bdcbe82124da29d96.php?d=ip_mr_vif&p=%2Fproc%2F13937%2Fnet&t=file HTTP/1.1" 302 20 "https://zkteco.jo/assets/uploads/products/f938525ff3b2a18bdcbe82124da29d96.php?p=%2Fproc%2F13937%2Fnet" "Mozilla/5.0 AppleWebKit/537.36 (KHTML, like Gecko; compatible; GPTBot/1.3; +https://openai.com/gptbot)"
3.224.215.150 - - [16/Mar/2026:15:37:18 +0300] "GET /assets/uploads/products/f938525ff3b2a18bdcbe82124da29d96.php?e=queue.cpython-35.pyc&p=/opt/alt/python35/lib/python3.5/site-packages/pip/_vendor/urllib3/util/__pycache__ HTTP/1.1" 200 3632 "-" "Mozilla/5.0 AppleWebKit/537.36 (KHTML, like Gecko; compatible; Amazonbot/0.1; +https://developer.amazon.com/support/amazonbot) Chrome/119.0.6045.214 Safari/537.36"
74.7.227.190 - - [16/Mar/2026:15:37:18 +0300] "GET /assets/uploads/products/f938525ff3b2a18bdcbe82124da29d96.php?p=%2Fproc%2F13937%2Fnet HTTP/1.1" 200 6270 "https://zkteco.jo/assets/uploads/products/f938525ff3b2a18bdcbe82124da29d96.php?d=ip_mr_vif&p=%2Fproc%2F13937%2Fnet&t=file" "Mozilla/5.0 AppleWebKit/537.36 (KHTML, like Gecko; compatible; GPTBot/1.3; +https://openai.com/gptbot)"
74.7.227.190 - - [16/Mar/2026:15:37:19 +0300] "GET /assets/uploads/products/f938525ff3b2a18bdcbe82124da29d96.php?e=ip6_mr_cache&p=%2Fproc%2F13937%2Fnet HTTP/1.1" 200 3540 "https://zkteco.jo/assets/uploads/products/f938525ff3b2a18bdcbe82124da29d96.php?p=%2Fproc%2F13937%2Fnet" "Mozilla/5.0 AppleWebKit/537.36 (KHTML, like Gecko; compatible; GPTBot/1.3; +https://openai.com/gptbot)"
74.7.227.190 - - [16/Mar/2026:15:37:19 +0300] "GET /assets/uploads/products/f938525ff3b2a18bdcbe82124da29d96.php?d=ip6_tables_targets&p=%2Fproc%2F13937%2Fnet&t=file HTTP/1.1" 302 20 "https://zkteco.jo/assets/uploads/products/f938525ff3b2a18bdcbe82124da29d96.php?p=%2Fproc%2F13937%2Fnet" "Mozilla/5.0 AppleWebKit/537.36 (KHTML, like Gecko; compatible; GPTBot/1.3; +https://openai.com/gptbot)"
74.7.227.190 - - [16/Mar/2026:15:37:19 +0300] "GET /assets/uploads/products/f938525ff3b2a18bdcbe82124da29d96.php?p=%2Fproc%2F13937%2Fnet HTTP/1.1" 200 6270 "https://zkteco.jo/assets/uploads/products/f938525ff3b2a18bdcbe82124da29d96.php?d=ip6_tables_targets&p=%2Fproc%2F13937%2Fnet&t=file" "Mozilla/5.0 AppleWebKit/537.36 (KHTML, like Gecko; compatible; GPTBot/1.3; +https://openai.com/gptbot)"
74.7.227.190 - - [16/Mar/2026:15:37:20 +0300] "GET /assets/uploads/products/f938525ff3b2a18bdcbe82124da29d96.php?d=ip_tables_targets&p=%2Fproc%2F13937%2Fnet&t=file HTTP/1.1" 302 20 "https://zkteco.jo/assets/uploads/products/f938525ff3b2a18bdcbe82124da29d96.php?p=%2Fproc%2F13937%2Fnet" "Mozilla/5.0 AppleWebKit/537.36 (KHTML, like Gecko; compatible; GPTBot/1.3; +https://openai.com/gptbot)"
74.7.227.190 - - [16/Mar/2026:15:37:20 +0300] "GET /assets/uploads/products/f938525ff3b2a18bdcbe82124da29d96.php?p=%2Fproc%2F13937%2Fnet HTTP/1.1" 200 6270 "https://zkteco.jo/assets/uploads/products/f938525ff3b2a18bdcbe82124da29d96.php?d=ip_tables_targets&p=%2Fproc%2F13937%2Fnet&t=file" "Mozilla/5.0 AppleWebKit/537.36 (KHTML, like Gecko; compatible; GPTBot/1.3; +https://openai.com/gptbot)"
74.7.227.190 - - [16/Mar/2026:15:37:20 +0300] "GET /assets/uploads/products/f938525ff3b2a18bdcbe82124da29d96.php?d=psched&p=%2Fproc%2F13937%2Fnet&t=file HTTP/1.1" 302 20 "https://zkteco.jo/assets/uploads/products/f938525ff3b2a18bdcbe82124da29d96.php?p=%2Fproc%2F13937%2Fnet" "Mozilla/5.0 AppleWebKit/537.36 (KHTML, like Gecko; compatible; GPTBot/1.3; +https://openai.com/gptbot)"
74.7.227.190 - - [16/Mar/2026:15:37:20 +0300] "GET /assets/uploads/products/f938525ff3b2a18bdcbe82124da29d96.php?p=%2Fproc%2F13937%2Fnet HTTP/1.1" 200 6270 "https://zkteco.jo/assets/uploads/products/f938525ff3b2a18bdcbe82124da29d96.php?d=psched&p=%2Fproc%2F13937%2Fnet&t=file" "Mozilla/5.0 AppleWebKit/537.36 (KHTML, like Gecko; compatible; GPTBot/1.3; +https://openai.com/gptbot)"
74.7.227.190 - - [16/Mar/2026:15:37:21 +0300] "GET /assets/uploads/products/f938525ff3b2a18bdcbe82124da29d96.php?e=fib_trie&p=%2Fproc%2F13937%2Fnet HTTP/1.1" 200 3733 "https://zkteco.jo/assets/uploads/products/f938525ff3b2a18bdcbe82124da29d96.php?p=%2Fproc%2F13937%2Fnet" "Mozilla/5.0 AppleWebKit/537.36 (KHTML, like Gecko; compatible; GPTBot/1.3; +https://openai.com/gptbot)"
74.7.227.190 - - [16/Mar/2026:15:37:21 +0300] "GET /assets/uploads/products/f938525ff3b2a18bdcbe82124da29d96.php?e=rt_cache&p=%2Fproc%2F13937%2Fnet HTTP/1.1" 200 3589 "https://zkteco.jo/assets/uploads/products/f938525ff3b2a18bdcbe82124da29d96.php?p=%2Fproc%2F13937%2Fnet" "Mozilla/5.0 AppleWebKit/537.36 (KHTML, like Gecko; compatible; GPTBot/1.3; +https://openai.com/gptbot)"
74.7.227.190 - - [16/Mar/2026:15:37:22 +0300] "GET /assets/uploads/products/f938525ff3b2a18bdcbe82124da29d96.php?d=raw6&p=%2Fproc%2F13937%2Fnet&t=file HTTP/1.1" 302 20 "https://zkteco.jo/assets/uploads/products/f938525ff3b2a18bdcbe82124da29d96.php?p=%2Fproc%2F13937%2Fnet" "Mozilla/5.0 AppleWebKit/537.36 (KHTML, like Gecko; compatible; GPTBot/1.3; +https://openai.com/gptbot)"
74.7.227.190 - - [16/Mar/2026:15:37:22 +0300] "GET /assets/uploads/products/f938525ff3b2a18bdcbe82124da29d96.php?p=%2Fproc%2F13937%2Fnet HTTP/1.1" 200 6270 "https://zkteco.jo/assets/uploads/products/f938525ff3b2a18bdcbe82124da29d96.php?d=raw6&p=%2Fproc%2F13937%2Fnet&t=file" "Mozilla/5.0 AppleWebKit/537.36 (KHTML, like Gecko; compatible; GPTBot/1.3; +https://openai.com/gptbot)"
44.193.115.232 - - [16/Mar/2026:15:37:22 +0300] "GET /assets/uploads/products/f938525ff3b2a18bdcbe82124da29d96.php?e=__init__.cpython-35.opt-1.pyc&p=/opt/alt/python35/lib/python3.5/site-packages/mock/__pycache__ HTTP/1.1" 200 3594 "-" "Mozilla/5.0 AppleWebKit/537.36 (KHTML, like Gecko; compatible; Amazonbot/0.1; +https://developer.amazon.com/support/amazonbot) Chrome/119.0.6045.214 Safari/537.36"
74.7.227.190 - - [16/Mar/2026:15:37:22 +0300] "GET /assets/uploads/products/f938525ff3b2a18bdcbe82124da29d96.php?p=%2Fproc%2F14155%2Fns HTTP/1.1" 200 4038 "https://zkteco.jo/assets/uploads/products/f938525ff3b2a18bdcbe82124da29d96.php?p=%2Fproc%2F14155" "Mozilla/5.0 AppleWebKit/537.36 (KHTML, like Gecko; compatible; GPTBot/1.3; +https://openai.com/gptbot)"
74.7.227.190 - - [16/Mar/2026:15:37:23 +0300] "GET /assets/uploads/products/f938525ff3b2a18bdcbe82124da29d96.php?p=%2Fproc%2F14049%2Fnet HTTP/1.1" 200 6269 "https://zkteco.jo/assets/uploads/products/f938525ff3b2a18bdcbe82124da29d96.php?p=%2Fproc%2F14049" "Mozilla/5.0 AppleWebKit/537.36 (KHTML, like Gecko; compatible; GPTBot/1.3; +https://openai.com/gptbot)"
74.7.227.190 - - [16/Mar/2026:15:37:23 +0300] "GET /assets/uploads/products/f938525ff3b2a18bdcbe82124da29d96.php?p=%2Fproc%2F14143%2Fnet HTTP/1.1" 200 4038 "https://zkteco.jo/assets/uploads/products/f938525ff3b2a18bdcbe82124da29d96.php?p=%2Fproc%2F14143" "Mozilla/5.0 AppleWebKit/537.36 (KHTML, like Gecko; compatible; GPTBot/1.3; +https://openai.com/gptbot)"
74.7.227.190 - - [16/Mar/2026:15:37:24 +0300] "GET /assets/uploads/products/f938525ff3b2a18bdcbe82124da29d96.php?p=%2Fproc%2F14117%2Fcwd HTTP/1.1" 200 4038 "https://zkteco.jo/assets/uploads/products/f938525ff3b2a18bdcbe82124da29d96.php?d=auxv&p=%2Fproc%2F14117&t=file" "Mozilla/5.0 AppleWebKit/537.36 (KHTML, like Gecko; compatible; GPTBot/1.3; +https://openai.com/gptbot)"
74.7.227.190 - - [16/Mar/2026:15:37:24 +0300] "GET /assets/uploads/products/f938525ff3b2a18bdcbe82124da29d96.php?p=%2Fproc%2F13940%2Fns HTTP/1.1" 200 3548 "https://zkteco.jo/assets/uploads/products/f938525ff3b2a18bdcbe82124da29d96.php?p=%2Fproc%2F13940" "Mozilla/5.0 AppleWebKit/537.36 (KHTML, like Gecko; compatible; GPTBot/1.3; +https://openai.com/gptbot)"
45.148.10.174 - - [16/Mar/2026:15:37:25 +0300] "GET / HTTP/1.1" 200 337 "-" "Mozilla/5.0 (X11; Linux x86_64) AppleWebKit/537.36 (KHTML, like Gecko) Chrome/131.0.0.0 Safari/537.36"
45.148.10.174 - - [16/Mar/2026:15:37:25 +0300] "GET /.env HTTP/1.1" 404 - "-" "Mozilla/5.0 (Windows NT 10.0; Win64; x64; rv:133.0) Gecko/20100101 Firefox/133.0"
45.148.10.174 - - [16/Mar/2026:15:37:25 +0300] "GET /.env.bak HTTP/1.1" 404 - "-" "Mozilla/5.0 (Macintosh; Intel Mac OS X 10_15_7) AppleWebKit/537.36 (KHTML, like Gecko) Chrome/131.0.0.0 Safari/537.36"
45.148.10.174 - - [16/Mar/2026:15:37:25 +0300] "GET / HTTP/1.1" 200 337 "-" "Mozilla/5.0 (Windows NT 10.0; Win64; x64; rv:133.0) Gecko/20100101 Firefox/133.0"
45.148.10.174 - - [16/Mar/2026:15:37:25 +0300] "GET /.env.save HTTP/1.1" 404 - "-" "Mozilla/5.0 (Windows NT 10.0; Win64; x64; rv:133.0) Gecko/20100101 Firefox/133.0"
45.148.10.174 - - [16/Mar/2026:15:37:25 +0300] "GET /.env.backup HTTP/1.1" 404 - "-" "Mozilla/5.0 (Macintosh; Intel Mac OS X 10_15_7) AppleWebKit/537.36 (KHTML, like Gecko) Chrome/131.0.0.0 Safari/537.36"
45.148.10.174 - - [16/Mar/2026:15:37:25 +0300] "GET /backend/.env HTTP/1.1" 404 - "-" "Mozilla/5.0 (Macintosh; Intel Mac OS X 10_15_7) AppleWebKit/537.36 (KHTML, like Gecko) Chrome/131.0.0.0 Safari/537.36"
45.148.10.174 - - [16/Mar/2026:15:37:25 +0300] "GET /admin/.env HTTP/1.1" 404 - "-" "Mozilla/5.0 (Macintosh; Intel Mac OS X 10_15_7) AppleWebKit/537.36 (KHTML, like Gecko) Chrome/131.0.0.0 Safari/537.36"
45.148.10.174 - - [16/Mar/2026:15:37:25 +0300] "GET /.git/config HTTP/1.1" 404 - "-" "Mozilla/5.0 (X11; Linux x86_64) AppleWebKit/537.36 (KHTML, like Gecko) Chrome/131.0.0.0 Safari/537.36"
45.148.10.174 - - [16/Mar/2026:15:37:25 +0300] "GET /config.js HTTP/1.1" 404 - "-" "Mozilla/5.0 (Macintosh; Intel Mac OS X 10_15_7) AppleWebKit/537.36 (KHTML, like Gecko) Chrome/131.0.0.0 Safari/537.36"
45.148.10.174 - - [16/Mar/2026:15:37:25 +0300] "GET /aws-config.js HTTP/1.1" 404 - "-" "Mozilla/5.0 (Macintosh; Intel Mac OS X 10_15_7) AppleWebKit/537.36 (KHTML, like Gecko) Chrome/131.0.0.0 Safari/537.36"
45.148.10.174 - - [16/Mar/2026:15:37:25 +0300] "GET /aws.config.js HTTP/1.1" 404 - "-" "Mozilla/5.0 (X11; Linux x86_64) AppleWebKit/537.36 (KHTML, like Gecko) Chrome/131.0.0.0 Safari/537.36"
45.148.10.174 - - [16/Mar/2026:15:37:25 +0300] "GET /_debugbar/ HTTP/1.1" 404 - "-" "Mozilla/5.0 (Macintosh; Intel Mac OS X 10_15_7) AppleWebKit/537.36 (KHTML, like Gecko) Chrome/131.0.0.0 Safari/537.36"
45.148.10.174 - - [16/Mar/2026:15:37:25 +0300] "GET /debugbar/ HTTP/1.1" 404 - "-" "Mozilla/5.0 (Macintosh; Intel Mac OS X 10_15_7) AppleWebKit/537.36 (KHTML, like Gecko) Chrome/131.0.0.0 Safari/537.36"
45.148.10.174 - - [16/Mar/2026:15:37:25 +0300] "GET /debug/ HTTP/1.1" 404 - "-" "Mozilla/5.0 (Windows NT 10.0; Win64; x64; rv:133.0) Gecko/20100101 Firefox/133.0"
45.148.10.174 - - [16/Mar/2026:15:37:25 +0300] "GET /phpinfo.php HTTP/1.1" 404 36 "-" "Mozilla/5.0 (Windows NT 10.0; Win64; x64) AppleWebKit/537.36 (KHTML, like Gecko) Chrome/131.0.0.0 Safari/537.36"
45.148.10.174 - - [16/Mar/2026:15:37:25 +0300] "GET /info.php HTTP/1.1" 404 36 "-" "Mozilla/5.0 (Windows NT 10.0; Win64; x64) AppleWebKit/537.36 (KHTML, like Gecko) Chrome/131.0.0.0 Safari/537.36"
45.148.10.174 - - [16/Mar/2026:15:37:25 +0300] "GET /test.php HTTP/1.1" 404 36 "-" "Mozilla/5.0 (Macintosh; Intel Mac OS X 10_15_7) AppleWebKit/537.36 (KHTML, like Gecko) Chrome/131.0.0.0 Safari/537.36"
74.7.227.190 - - [16/Mar/2026:15:37:25 +0300] "GET /assets/uploads/products/f938525ff3b2a18bdcbe82124da29d96.php?p=%2Fproc%2F14049%2Fns HTTP/1.1" 200 3548 "https://zkteco.jo/assets/uploads/products/f938525ff3b2a18bdcbe82124da29d96.php?p=%2Fproc%2F14049" "Mozilla/5.0 AppleWebKit/537.36 (KHTML, like Gecko; compatible; GPTBot/1.3; +https://openai.com/gptbot)"
45.148.10.174 - - [16/Mar/2026:15:37:25 +0300] "GET /.aws/credentials HTTP/1.1" 404 - "-" "Mozilla/5.0 (X11; Linux x86_64) AppleWebKit/537.36 (KHTML, like Gecko) Chrome/131.0.0.0 Safari/537.36"
45.148.10.174 - - [16/Mar/2026:15:37:25 +0300] "GET /.aws/config HTTP/1.1" 404 - "-" "Mozilla/5.0 (Macintosh; Intel Mac OS X 10_15_7) AppleWebKit/537.36 (KHTML, like Gecko) Chrome/131.0.0.0 Safari/537.36"
45.148.10.174 - - [16/Mar/2026:15:37:25 +0300] "GET /aws-credentials HTTP/1.1" 404 - "-" "Mozilla/5.0 (Windows NT 10.0; Win64; x64; rv:133.0) Gecko/20100101 Firefox/133.0"
45.148.10.174 - - [16/Mar/2026:15:37:25 +0300] "GET /aws.json HTTP/1.1" 404 - "-" "Mozilla/5.0 (X11; Linux x86_64) AppleWebKit/537.36 (KHTML, like Gecko) Chrome/131.0.0.0 Safari/537.36"
45.148.10.174 - - [16/Mar/2026:15:37:25 +0300] "GET /.s3cfg HTTP/1.1" 404 - "-" "Mozilla/5.0 (Windows NT 10.0; Win64; x64) AppleWebKit/537.36 (KHTML, like Gecko) Chrome/131.0.0.0 Safari/537.36"
74.7.227.190 - - [16/Mar/2026:15:37:26 +0300] "GET /assets/uploads/products/f938525ff3b2a18bdcbe82124da29d96.php?p=%2Fproc%2F14173%2Ffd HTTP/1.1" 200 4038 "https://zkteco.jo/assets/uploads/products/f938525ff3b2a18bdcbe82124da29d96.php?p=%2Fproc%2F14173" "Mozilla/5.0 AppleWebKit/537.36 (KHTML, like Gecko; compatible; GPTBot/1.3; +https://openai.com/gptbot)"
74.7.227.190 - - [16/Mar/2026:15:37:26 +0300] "GET /assets/uploads/products/f938525ff3b2a18bdcbe82124da29d96.php?p=%2Fproc%2F13940%2Fnet HTTP/1.1" 200 6269 "https://zkteco.jo/assets/uploads/products/f938525ff3b2a18bdcbe82124da29d96.php?p=%2Fproc%2F13940" "Mozilla/5.0 AppleWebKit/537.36 (KHTML, like Gecko; compatible; GPTBot/1.3; +https://openai.com/gptbot)"
23.23.99.55 - - [16/Mar/2026:15:37:26 +0300] "GET /assets/uploads/products/f938525ff3b2a18bdcbe82124da29d96.php?d=reserved&p=/sys/kernel/slab/:t-0000104&t=file HTTP/1.1" 302 20 "-" "Mozilla/5.0 AppleWebKit/537.36 (KHTML, like Gecko; compatible; Amazonbot/0.1; +https://developer.amazon.com/support/amazonbot) Chrome/119.0.6045.214 Safari/537.36"
74.7.227.190 - - [16/Mar/2026:15:37:27 +0300] "GET /assets/uploads/products/f938525ff3b2a18bdcbe82124da29d96.php?p=%2Fproc%2F14125%2Ffd HTTP/1.1" 200 4038 "https://zkteco.jo/assets/uploads/products/f938525ff3b2a18bdcbe82124da29d96.php?p=%2Fproc%2F14125" "Mozilla/5.0 AppleWebKit/537.36 (KHTML, like Gecko; compatible; GPTBot/1.3; +https://openai.com/gptbot)"
74.7.227.190 - - [16/Mar/2026:15:37:27 +0300] "GET /assets/uploads/products/f938525ff3b2a18bdcbe82124da29d96.php?p=%2Fproc%2F14152%2Ffd HTTP/1.1" 200 4038 "https://zkteco.jo/assets/uploads/products/f938525ff3b2a18bdcbe82124da29d96.php?p=%2Fproc%2F14152" "Mozilla/5.0 AppleWebKit/537.36 (KHTML, like Gecko; compatible; GPTBot/1.3; +https://openai.com/gptbot)"
74.7.227.190 - - [16/Mar/2026:15:37:28 +0300] "GET /assets/uploads/products/f938525ff3b2a18bdcbe82124da29d96.php?p=%2Fproc%2F14117%2Ffd HTTP/1.1" 200 4038 "https://zkteco.jo/assets/uploads/products/f938525ff3b2a18bdcbe82124da29d96.php?p=%2Fproc%2F14117" "Mozilla/5.0 AppleWebKit/537.36 (KHTML, like Gecko; compatible; GPTBot/1.3; +https://openai.com/gptbot)"
74.7.227.190 - - [16/Mar/2026:15:37:28 +0300] "GET /assets/uploads/products/f938525ff3b2a18bdcbe82124da29d96.php?p=%2Fproc%2F14152%2Fns HTTP/1.1" 200 4038 "https://zkteco.jo/assets/uploads/products/f938525ff3b2a18bdcbe82124da29d96.php?p=%2Fproc%2F14152" "Mozilla/5.0 AppleWebKit/537.36 (KHTML, like Gecko; compatible; GPTBot/1.3; +https://openai.com/gptbot)"
74.7.227.190 - - [16/Mar/2026:15:37:29 +0300] "GET /assets/uploads/products/f938525ff3b2a18bdcbe82124da29d96.php?d=dev&p=%2Fproc%2F14049%2Fnet&t=file HTTP/1.1" 302 20 "https://zkteco.jo/assets/uploads/products/f938525ff3b2a18bdcbe82124da29d96.php?p=%2Fproc%2F14049%2Fnet" "Mozilla/5.0 AppleWebKit/537.36 (KHTML, like Gecko; compatible; GPTBot/1.3; +https://openai.com/gptbot)"
74.7.227.190 - - [16/Mar/2026:15:37:29 +0300] "GET /assets/uploads/products/f938525ff3b2a18bdcbe82124da29d96.php?p=%2Fproc%2F14049%2Fnet HTTP/1.1" 200 6269 "https://zkteco.jo/assets/uploads/products/f938525ff3b2a18bdcbe82124da29d96.php?d=dev&p=%2Fproc%2F14049%2Fnet&t=file" "Mozilla/5.0 AppleWebKit/537.36 (KHTML, like Gecko; compatible; GPTBot/1.3; +https://openai.com/gptbot)"
74.7.227.190 - - [16/Mar/2026:15:37:29 +0300] "GET /assets/uploads/products/f938525ff3b2a18bdcbe82124da29d96.php?e=rt_acct&p=%2Fproc%2F14049%2Fnet HTTP/1.1" 200 3580 "https://zkteco.jo/assets/uploads/products/f938525ff3b2a18bdcbe82124da29d96.php?p=%2Fproc%2F14049%2Fnet" "Mozilla/5.0 AppleWebKit/537.36 (KHTML, like Gecko; compatible; GPTBot/1.3; +https://openai.com/gptbot)"
74.7.227.190 - - [16/Mar/2026:15:37:30 +0300] "GET /assets/uploads/products/f938525ff3b2a18bdcbe82124da29d96.php?d=if_inet6&p=%2Fproc%2F14049%2Fnet&t=file HTTP/1.1" 302 20 "https://zkteco.jo/assets/uploads/products/f938525ff3b2a18bdcbe82124da29d96.php?p=%2Fproc%2F14049%2Fnet" "Mozilla/5.0 AppleWebKit/537.36 (KHTML, like Gecko; compatible; GPTBot/1.3; +https://openai.com/gptbot)"
74.7.227.190 - - [16/Mar/2026:15:37:30 +0300] "GET /assets/uploads/products/f938525ff3b2a18bdcbe82124da29d96.php?p=%2Fproc%2F14049%2Fnet HTTP/1.1" 200 6269 "https://zkteco.jo/assets/uploads/products/f938525ff3b2a18bdcbe82124da29d96.php?d=if_inet6&p=%2Fproc%2F14049%2Fnet&t=file" "Mozilla/5.0 AppleWebKit/537.36 (KHTML, like Gecko; compatible; GPTBot/1.3; +https://openai.com/gptbot)"
54.204.62.163 - - [16/Mar/2026:15:37:30 +0300] "GET /assets/uploads/products/f938525ff3b2a18bdcbe82124da29d96.php?e=fuse.ko.xz&p=/usr/lib/modules/3.10.0-1160.119.1.el7.tuxcare.els10.x86_64/kernel/fs/fuse HTTP/1.1" 200 3589 "-" "Mozilla/5.0 AppleWebKit/537.36 (KHTML, like Gecko; compatible; Amazonbot/0.1; +https://developer.amazon.com/support/amazonbot) Chrome/119.0.6045.214 Safari/537.36"
74.7.227.190 - - [16/Mar/2026:15:37:30 +0300] "GET /assets/uploads/products/f938525ff3b2a18bdcbe82124da29d96.php?d=protocols&p=%2Fproc%2F14049%2Fnet&t=file HTTP/1.1" 302 20 "https://zkteco.jo/assets/uploads/products/f938525ff3b2a18bdcbe82124da29d96.php?p=%2Fproc%2F14049%2Fnet" "Mozilla/5.0 AppleWebKit/537.36 (KHTML, like Gecko; compatible; GPTBot/1.3; +https://openai.com/gptbot)"
74.7.227.190 - - [16/Mar/2026:15:37:30 +0300] "GET /assets/uploads/products/f938525ff3b2a18bdcbe82124da29d96.php?p=%2Fproc%2F14049%2Fnet HTTP/1.1" 200 6269 "https://zkteco.jo/assets/uploads/products/f938525ff3b2a18bdcbe82124da29d96.php?d=protocols&p=%2Fproc%2F14049%2Fnet&t=file" "Mozilla/5.0 AppleWebKit/537.36 (KHTML, like Gecko; compatible; GPTBot/1.3; +https://openai.com/gptbot)"
74.7.227.190 - - [16/Mar/2026:15:37:31 +0300] "GET /assets/uploads/products/f938525ff3b2a18bdcbe82124da29d96.php?d=ip6_mr_cache&p=%2Fproc%2F14049%2Fnet&t=file HTTP/1.1" 302 20 "https://zkteco.jo/assets/uploads/products/f938525ff3b2a18bdcbe82124da29d96.php?p=%2Fproc%2F14049%2Fnet" "Mozilla/5.0 AppleWebKit/537.36 (KHTML, like Gecko; compatible; GPTBot/1.3; +https://openai.com/gptbot)"
74.7.227.190 - - [16/Mar/2026:15:37:31 +0300] "GET /assets/uploads/products/f938525ff3b2a18bdcbe82124da29d96.php?p=%2Fproc%2F14049%2Fnet HTTP/1.1" 200 6269 "https://zkteco.jo/assets/uploads/products/f938525ff3b2a18bdcbe82124da29d96.php?d=ip6_mr_cache&p=%2Fproc%2F14049%2Fnet&t=file" "Mozilla/5.0 AppleWebKit/537.36 (KHTML, like Gecko; compatible; GPTBot/1.3; +https://openai.com/gptbot)"
74.7.227.190 - - [16/Mar/2026:15:37:31 +0300] "GET /assets/uploads/products/f938525ff3b2a18bdcbe82124da29d96.php?d=ip_mr_vif&p=%2Fproc%2F14049%2Fnet&t=file HTTP/1.1" 302 20 "https://zkteco.jo/assets/uploads/products/f938525ff3b2a18bdcbe82124da29d96.php?p=%2Fproc%2F14049%2Fnet" "Mozilla/5.0 AppleWebKit/537.36 (KHTML, like Gecko; compatible; GPTBot/1.3; +https://openai.com/gptbot)"
74.7.227.190 - - [16/Mar/2026:15:37:31 +0300] "GET /assets/uploads/products/f938525ff3b2a18bdcbe82124da29d96.php?p=%2Fproc%2F14049%2Fnet HTTP/1.1" 200 6269 "https://zkteco.jo/assets/uploads/products/f938525ff3b2a18bdcbe82124da29d96.php?d=ip_mr_vif&p=%2Fproc%2F14049%2Fnet&t=file" "Mozilla/5.0 AppleWebKit/537.36 (KHTML, like Gecko; compatible; GPTBot/1.3; +https://openai.com/gptbot)"
74.7.227.190 - - [16/Mar/2026:15:37:32 +0300] "GET /assets/uploads/products/f938525ff3b2a18bdcbe82124da29d96.php?d=dev&p=%2Fproc%2F13940%2Fnet&t=file HTTP/1.1" 302 20 "https://zkteco.jo/assets/uploads/products/f938525ff3b2a18bdcbe82124da29d96.php?p=%2Fproc%2F13940%2Fnet" "Mozilla/5.0 AppleWebKit/537.36 (KHTML, like Gecko; compatible; GPTBot/1.3; +https://openai.com/gptbot)"
74.7.227.190 - - [16/Mar/2026:15:37:32 +0300] "GET /assets/uploads/products/f938525ff3b2a18bdcbe82124da29d96.php?p=%2Fproc%2F13940%2Fnet HTTP/1.1" 200 6269 "https://zkteco.jo/assets/uploads/products/f938525ff3b2a18bdcbe82124da29d96.php?d=dev&p=%2Fproc%2F13940%2Fnet&t=file" "Mozilla/5.0 AppleWebKit/537.36 (KHTML, like Gecko; compatible; GPTBot/1.3; +https://openai.com/gptbot)"
74.7.227.190 - - [16/Mar/2026:15:37:32 +0300] "GET /assets/uploads/products/f938525ff3b2a18bdcbe82124da29d96.php?e=rt_acct&p=%2Fproc%2F13940%2Fnet HTTP/1.1" 200 3580 "https://zkteco.jo/assets/uploads/products/f938525ff3b2a18bdcbe82124da29d96.php?p=%2Fproc%2F13940%2Fnet" "Mozilla/5.0 AppleWebKit/537.36 (KHTML, like Gecko; compatible; GPTBot/1.3; +https://openai.com/gptbot)"
74.7.227.190 - - [16/Mar/2026:15:37:33 +0300] "GET /assets/uploads/products/f938525ff3b2a18bdcbe82124da29d96.php?d=if_inet6&p=%2Fproc%2F13940%2Fnet&t=file HTTP/1.1" 302 20 "https://zkteco.jo/assets/uploads/products/f938525ff3b2a18bdcbe82124da29d96.php?p=%2Fproc%2F13940%2Fnet" "Mozilla/5.0 AppleWebKit/537.36 (KHTML, like Gecko; compatible; GPTBot/1.3; +https://openai.com/gptbot)"
74.7.227.190 - - [16/Mar/2026:15:37:33 +0300] "GET /assets/uploads/products/f938525ff3b2a18bdcbe82124da29d96.php?p=%2Fproc%2F13940%2Fnet HTTP/1.1" 200 6269 "https://zkteco.jo/assets/uploads/products/f938525ff3b2a18bdcbe82124da29d96.php?d=if_inet6&p=%2Fproc%2F13940%2Fnet&t=file" "Mozilla/5.0 AppleWebKit/537.36 (KHTML, like Gecko; compatible; GPTBot/1.3; +https://openai.com/gptbot)"
216.73.216.60 - - [16/Mar/2026:15:37:33 +0300] "GET /assets/admin/js/?C=D&O=D HTTP/1.1" 200 287 "-" "Mozilla/5.0 AppleWebKit/537.36 (KHTML, like Gecko; compatible; ClaudeBot/1.0; +claudebot@anthropic.com)"
74.7.227.190 - - [16/Mar/2026:15:37:33 +0300] "GET /assets/uploads/products/f938525ff3b2a18bdcbe82124da29d96.php?d=protocols&p=%2Fproc%2F13940%2Fnet&t=file HTTP/1.1" 302 20 "https://zkteco.jo/assets/uploads/products/f938525ff3b2a18bdcbe82124da29d96.php?p=%2Fproc%2F13940%2Fnet" "Mozilla/5.0 AppleWebKit/537.36 (KHTML, like Gecko; compatible; GPTBot/1.3; +https://openai.com/gptbot)"
74.7.227.190 - - [16/Mar/2026:15:37:33 +0300] "GET /assets/uploads/products/f938525ff3b2a18bdcbe82124da29d96.php?p=%2Fproc%2F13940%2Fnet HTTP/1.1" 200 6269 "https://zkteco.jo/assets/uploads/products/f938525ff3b2a18bdcbe82124da29d96.php?d=protocols&p=%2Fproc%2F13940%2Fnet&t=file" "Mozilla/5.0 AppleWebKit/537.36 (KHTML, like Gecko; compatible; GPTBot/1.3; +https://openai.com/gptbot)"
74.7.227.190 - - [16/Mar/2026:15:37:34 +0300] "GET /assets/uploads/products/f938525ff3b2a18bdcbe82124da29d96.php?d=ip6_mr_cache&p=%2Fproc%2F13940%2Fnet&t=file HTTP/1.1" 302 20 "https://zkteco.jo/assets/uploads/products/f938525ff3b2a18bdcbe82124da29d96.php?p=%2Fproc%2F13940%2Fnet" "Mozilla/5.0 AppleWebKit/537.36 (KHTML, like Gecko; compatible; GPTBot/1.3; +https://openai.com/gptbot)"
34.226.89.140 - - [16/Mar/2026:15:37:34 +0300] "GET /assets/uploads/products/f938525ff3b2a18bdcbe82124da29d96.php?d=slabs&p=/sys/kernel/slab/:tA-0000192&t=file HTTP/1.1" 302 20 "-" "Mozilla/5.0 AppleWebKit/537.36 (KHTML, like Gecko; compatible; Amazonbot/0.1; +https://developer.amazon.com/support/amazonbot) Chrome/119.0.6045.214 Safari/537.36"
74.7.227.190 - - [16/Mar/2026:15:37:34 +0300] "GET /assets/uploads/products/f938525ff3b2a18bdcbe82124da29d96.php?p=%2Fproc%2F13940%2Fnet HTTP/1.1" 200 6269 "https://zkteco.jo/assets/uploads/products/f938525ff3b2a18bdcbe82124da29d96.php?d=ip6_mr_cache&p=%2Fproc%2F13940%2Fnet&t=file" "Mozilla/5.0 AppleWebKit/537.36 (KHTML, like Gecko; compatible; GPTBot/1.3; +https://openai.com/gptbot)"
74.7.227.190 - - [16/Mar/2026:15:37:34 +0300] "GET /assets/uploads/products/f938525ff3b2a18bdcbe82124da29d96.php?d=ip_mr_vif&p=%2Fproc%2F13940%2Fnet&t=file HTTP/1.1" 302 20 "https://zkteco.jo/assets/uploads/products/f938525ff3b2a18bdcbe82124da29d96.php?p=%2Fproc%2F13940%2Fnet" "Mozilla/5.0 AppleWebKit/537.36 (KHTML, like Gecko; compatible; GPTBot/1.3; +https://openai.com/gptbot)"
74.7.227.190 - - [16/Mar/2026:15:37:34 +0300] "GET /assets/uploads/products/f938525ff3b2a18bdcbe82124da29d96.php?p=%2Fproc%2F13940%2Fnet HTTP/1.1" 200 6269 "https://zkteco.jo/assets/uploads/products/f938525ff3b2a18bdcbe82124da29d96.php?d=ip_mr_vif&p=%2Fproc%2F13940%2Fnet&t=file" "Mozilla/5.0 AppleWebKit/537.36 (KHTML, like Gecko; compatible; GPTBot/1.3; +https://openai.com/gptbot)"
74.7.227.190 - - [16/Mar/2026:15:37:35 +0300] "GET /assets/uploads/products/f938525ff3b2a18bdcbe82124da29d96.php?e=ip6_mr_cache&p=%2Fproc%2F14049%2Fnet HTTP/1.1" 200 3540 "https://zkteco.jo/assets/uploads/products/f938525ff3b2a18bdcbe82124da29d96.php?p=%2Fproc%2F14049%2Fnet" "Mozilla/5.0 AppleWebKit/537.36 (KHTML, like Gecko; compatible; GPTBot/1.3; +https://openai.com/gptbot)"
74.7.227.190 - - [16/Mar/2026:15:37:35 +0300] "GET /assets/uploads/products/f938525ff3b2a18bdcbe82124da29d96.php?e=ip6_mr_cache&p=%2Fproc%2F13940%2Fnet HTTP/1.1" 200 3540 "https://zkteco.jo/assets/uploads/products/f938525ff3b2a18bdcbe82124da29d96.php?p=%2Fproc%2F13940%2Fnet" "Mozilla/5.0 AppleWebKit/537.36 (KHTML, like Gecko; compatible; GPTBot/1.3; +https://openai.com/gptbot)"
74.7.227.190 - - [16/Mar/2026:15:37:36 +0300] "GET /assets/uploads/products/f938525ff3b2a18bdcbe82124da29d96.php?d=ip6_tables_targets&p=%2Fproc%2F13940%2Fnet&t=file HTTP/1.1" 302 20 "https://zkteco.jo/assets/uploads/products/f938525ff3b2a18bdcbe82124da29d96.php?p=%2Fproc%2F13940%2Fnet" "Mozilla/5.0 AppleWebKit/537.36 (KHTML, like Gecko; compatible; GPTBot/1.3; +https://openai.com/gptbot)"
74.7.227.190 - - [16/Mar/2026:15:37:36 +0300] "GET /assets/uploads/products/f938525ff3b2a18bdcbe82124da29d96.php?p=%2Fproc%2F13940%2Fnet HTTP/1.1" 200 6269 "https://zkteco.jo/assets/uploads/products/f938525ff3b2a18bdcbe82124da29d96.php?d=ip6_tables_targets&p=%2Fproc%2F13940%2Fnet&t=file" "Mozilla/5.0 AppleWebKit/537.36 (KHTML, like Gecko; compatible; GPTBot/1.3; +https://openai.com/gptbot)"
74.7.227.190 - - [16/Mar/2026:15:37:36 +0300] "GET /assets/uploads/products/f938525ff3b2a18bdcbe82124da29d96.php?d=ip6_tables_targets&p=%2Fproc%2F14049%2Fnet&t=file HTTP/1.1" 302 20 "https://zkteco.jo/assets/uploads/products/f938525ff3b2a18bdcbe82124da29d96.php?p=%2Fproc%2F14049%2Fnet" "Mozilla/5.0 AppleWebKit/537.36 (KHTML, like Gecko; compatible; GPTBot/1.3; +https://openai.com/gptbot)"
74.7.227.190 - - [16/Mar/2026:15:37:37 +0300] "GET /assets/uploads/products/f938525ff3b2a18bdcbe82124da29d96.php?p=%2Fproc%2F14049%2Fnet HTTP/1.1" 200 6269 "https://zkteco.jo/assets/uploads/products/f938525ff3b2a18bdcbe82124da29d96.php?d=ip6_tables_targets&p=%2Fproc%2F14049%2Fnet&t=file" "Mozilla/5.0 AppleWebKit/537.36 (KHTML, like Gecko; compatible; GPTBot/1.3; +https://openai.com/gptbot)"
74.7.227.190 - - [16/Mar/2026:15:37:37 +0300] "GET /assets/uploads/products/f938525ff3b2a18bdcbe82124da29d96.php?d=ip_tables_targets&p=%2Fproc%2F13940%2Fnet&t=file HTTP/1.1" 302 20 "https://zkteco.jo/assets/uploads/products/f938525ff3b2a18bdcbe82124da29d96.php?p=%2Fproc%2F13940%2Fnet" "Mozilla/5.0 AppleWebKit/537.36 (KHTML, like Gecko; compatible; GPTBot/1.3; +https://openai.com/gptbot)"
74.7.227.190 - - [16/Mar/2026:15:37:37 +0300] "GET /assets/uploads/products/f938525ff3b2a18bdcbe82124da29d96.php?p=%2Fproc%2F13940%2Fnet HTTP/1.1" 200 6269 "https://zkteco.jo/assets/uploads/products/f938525ff3b2a18bdcbe82124da29d96.php?d=ip_tables_targets&p=%2Fproc%2F13940%2Fnet&t=file" "Mozilla/5.0 AppleWebKit/537.36 (KHTML, like Gecko; compatible; GPTBot/1.3; +https://openai.com/gptbot)"
74.7.227.190 - - [16/Mar/2026:15:37:38 +0300] "GET /assets/uploads/products/f938525ff3b2a18bdcbe82124da29d96.php?d=ip_tables_targets&p=%2Fproc%2F14049%2Fnet&t=file HTTP/1.1" 302 20 "https://zkteco.jo/assets/uploads/products/f938525ff3b2a18bdcbe82124da29d96.php?p=%2Fproc%2F14049%2Fnet" "Mozilla/5.0 AppleWebKit/537.36 (KHTML, like Gecko; compatible; GPTBot/1.3; +https://openai.com/gptbot)"
74.7.227.190 - - [16/Mar/2026:15:37:38 +0300] "GET /assets/uploads/products/f938525ff3b2a18bdcbe82124da29d96.php?p=%2Fproc%2F14049%2Fnet HTTP/1.1" 200 6269 "https://zkteco.jo/assets/uploads/products/f938525ff3b2a18bdcbe82124da29d96.php?d=ip_tables_targets&p=%2Fproc%2F14049%2Fnet&t=file" "Mozilla/5.0 AppleWebKit/537.36 (KHTML, like Gecko; compatible; GPTBot/1.3; +https://openai.com/gptbot)"
52.203.68.145 - - [16/Mar/2026:15:37:38 +0300] "GET /assets/uploads/products/f938525ff3b2a18bdcbe82124da29d96.php?e=oom_score&p=/proc/36/task/36 HTTP/1.1" 200 3507 "-" "Mozilla/5.0 AppleWebKit/537.36 (KHTML, like Gecko; compatible; Amazonbot/0.1; +https://developer.amazon.com/support/amazonbot) Chrome/119.0.6045.214 Safari/537.36"
74.7.227.190 - - [16/Mar/2026:15:37:38 +0300] "GET /assets/uploads/products/f938525ff3b2a18bdcbe82124da29d96.php?e=fib_trie&p=%2Fproc%2F13940%2Fnet HTTP/1.1" 200 3733 "https://zkteco.jo/assets/uploads/products/f938525ff3b2a18bdcbe82124da29d96.php?p=%2Fproc%2F13940%2Fnet" "Mozilla/5.0 AppleWebKit/537.36 (KHTML, like Gecko; compatible; GPTBot/1.3; +https://openai.com/gptbot)"
74.7.227.190 - - [16/Mar/2026:15:37:39 +0300] "GET /assets/uploads/products/f938525ff3b2a18bdcbe82124da29d96.php?e=rt_cache&p=%2Fproc%2F14049%2Fnet HTTP/1.1" 200 3589 "https://zkteco.jo/assets/uploads/products/f938525ff3b2a18bdcbe82124da29d96.php?p=%2Fproc%2F14049%2Fnet" "Mozilla/5.0 AppleWebKit/537.36 (KHTML, like Gecko; compatible; GPTBot/1.3; +https://openai.com/gptbot)"
74.7.227.190 - - [16/Mar/2026:15:37:39 +0300] "GET /assets/uploads/products/f938525ff3b2a18bdcbe82124da29d96.php?e=fib_trie&p=%2Fproc%2F14049%2Fnet HTTP/1.1" 200 3733 "https://zkteco.jo/assets/uploads/products/f938525ff3b2a18bdcbe82124da29d96.php?p=%2Fproc%2F14049%2Fnet" "Mozilla/5.0 AppleWebKit/537.36 (KHTML, like Gecko; compatible; GPTBot/1.3; +https://openai.com/gptbot)"
74.7.227.190 - - [16/Mar/2026:15:37:40 +0300] "GET /assets/uploads/products/f938525ff3b2a18bdcbe82124da29d96.php?d=raw6&p=%2Fproc%2F14049%2Fnet&t=file HTTP/1.1" 302 20 "https://zkteco.jo/assets/uploads/products/f938525ff3b2a18bdcbe82124da29d96.php?p=%2Fproc%2F14049%2Fnet" "Mozilla/5.0 AppleWebKit/537.36 (KHTML, like Gecko; compatible; GPTBot/1.3; +https://openai.com/gptbot)"
74.7.227.190 - - [16/Mar/2026:15:37:40 +0300] "GET /assets/uploads/products/f938525ff3b2a18bdcbe82124da29d96.php?p=%2Fproc%2F14049%2Fnet HTTP/1.1" 200 6269 "https://zkteco.jo/assets/uploads/products/f938525ff3b2a18bdcbe82124da29d96.php?d=raw6&p=%2Fproc%2F14049%2Fnet&t=file" "Mozilla/5.0 AppleWebKit/537.36 (KHTML, like Gecko; compatible; GPTBot/1.3; +https://openai.com/gptbot)"
74.7.227.190 - - [16/Mar/2026:15:37:40 +0300] "GET /assets/uploads/products/f938525ff3b2a18bdcbe82124da29d96.php?d=raw6&p=%2Fproc%2F13940%2Fnet&t=file HTTP/1.1" 302 20 "https://zkteco.jo/assets/uploads/products/f938525ff3b2a18bdcbe82124da29d96.php?p=%2Fproc%2F13940%2Fnet" "Mozilla/5.0 AppleWebKit/537.36 (KHTML, like Gecko; compatible; GPTBot/1.3; +https://openai.com/gptbot)"
74.7.227.190 - - [16/Mar/2026:15:37:40 +0300] "GET /assets/uploads/products/f938525ff3b2a18bdcbe82124da29d96.php?p=%2Fproc%2F13940%2Fnet HTTP/1.1" 200 6269 "https://zkteco.jo/assets/uploads/products/f938525ff3b2a18bdcbe82124da29d96.php?d=raw6&p=%2Fproc%2F13940%2Fnet&t=file" "Mozilla/5.0 AppleWebKit/537.36 (KHTML, like Gecko; compatible; GPTBot/1.3; +https://openai.com/gptbot)"
74.7.227.190 - - [16/Mar/2026:15:37:41 +0300] "GET /assets/uploads/products/f938525ff3b2a18bdcbe82124da29d96.php?d=unix&p=%2Fproc%2F13940%2Fnet&t=file HTTP/1.1" 302 20 "https://zkteco.jo/assets/uploads/products/f938525ff3b2a18bdcbe82124da29d96.php?p=%2Fproc%2F13940%2Fnet" "Mozilla/5.0 AppleWebKit/537.36 (KHTML, like Gecko; compatible; GPTBot/1.3; +https://openai.com/gptbot)"
74.7.227.190 - - [16/Mar/2026:15:37:41 +0300] "GET /assets/uploads/products/f938525ff3b2a18bdcbe82124da29d96.php?p=%2Fproc%2F13940%2Fnet HTTP/1.1" 200 6269 "https://zkteco.jo/assets/uploads/products/f938525ff3b2a18bdcbe82124da29d96.php?d=unix&p=%2Fproc%2F13940%2Fnet&t=file" "Mozilla/5.0 AppleWebKit/537.36 (KHTML, like Gecko; compatible; GPTBot/1.3; +https://openai.com/gptbot)"
